2430?
-4203
In base 3, what is 20210 - -1011212?
1102122
In base 13, what is 6 + 415b?
4164
In base 12, what is 85 + 74?
139
In base 3, what is 121 - -221101011?
221101202
In base 4, what is 1 + 121133230?
121133231
In base 8, what is -47602 - 46?
-47650
In base 15, what is 6537 - 4?
6533
In base 9, what is 3 - -2358157?
2358161
In base 2, what is -110 + 111101110000111011?
111101110000110101
In base 9, what is 8368 - -12?
8381
In base 5, what is 111200 - 13110?
43040
In base 12, what is 1 + -56983?
-56982
In base 9, what is 18038 + 35?
18074
In base 10, what is 3 - -321432?
321435
In base 3, what is -2220001212 - -102?
-2220001110
In base 15, what is -5 + -4e01?
-4e06
In base 10, what is 1724637 - -3?
1724640
In base 13, what is -3 + -c633c?
-c6342
In base 8, what is 145 - -1224?
1371
In base 5, what is 20 + -3100323?
-3100303
In base 10, what is -14 - -1548?
1534
In base 12, what is 628 + -a0a?
-3a2
In base 12, what is -1 + -14207?
-14208
In base 6, what is 4 - 1223311?
-1223303
In base 7, what is -250 - -2123?
1543
In base 2, what is -110000110001 - -1000?
-110000101001
In base 13, what is 1 + -ba193?
-ba192
In base 10, what is 29 + -298?
-269
In base 5, what is 1 + -2223034?
-2223033
In base 13, what is 39c57 - -3?
39c5a
In base 7, what is -2111664 - 3?
-2112000
In base 3, what is 101101022201 - 12?
101101022112
In base 11, what is 37a4 - -44?
3838
In base 6, what is -12033 + -34?
-12111
In base 14, what is 688 + -41?
647
In base 5, what is 3422442 + 10?
3423002
In base 15, what is -6 + -22435?
-2243b
In base 3, what is -2 - 100211112?
-100211121
In base 16, what is 3b53 - -12?
3b65
In base 2, what is -1111101101010100 + -100?
-1111101101011000
In base 8, what is -13077511 + 3?
-13077506
In base 11, what is 2588 + 8?
2595
In base 12, what is -296 + 552?
278
In base 12, what is -a6649 - 3?
-a6650
In base 10, what is -8091 - -8?
-8083
In base 11, what is 448 - -33?
480
In base 15, what is 1e08 - a?
1ded
In base 2, what is -10011 - 1100110010100?
-1100110100111
In base 6, what is 23 + 354?
421
In base 10, what is -28787 + 6?
-28781
In base 10, what is 719 - -13?
732
In base 2, what is 1000100 + -11111101101?
-11110101001
In base 2, what is -10000010110101111 + 10?
-10000010110101101
In base 16, what is 3e3 - 1?
3e2
In base 7, what is -1 - 332?
-333
In base 7, what is 35 + 1066?
1134
In base 4, what is 3 - -3221101?
3221110
In base 5, what is 112242 + -3221?
104021
In base 11, what is -a26 + 253?
-783
In base 3, what is 210012122122 - -10?
210012122202
In base 16, what is d - -193a?
1947
In base 3, what is 20 - -1002202?
1002222
In base 8, what is 5 - -343162?
343167
In base 3, what is -101222020 + -20?
-101222110
In base 6, what is 21 + 113302?
113323
In base 4, what is -2000 + -221?
-2221
In base 6, what is 1414 + 435?
2253
In base 10, what is -9 + 3422?
3413
In base 16, what is -1f + 166f?
1650
In base 8, what is -3 - -31050?
31045
In base 15, what is -1722 + -15c?
-187e
In base 15, what is 17 + a63a?
a652
In base 6, what is 13554 - -1?
13555
In base 16, what is 23 + 642?
665
In base 11, what is -2 + -5464?
-5466
In base 5, what is -11 - 1232234?
-1232300
In base 8, what is 10 + 534614?
534624
In base 13, what is -2 - -9380a?
93808
In base 14, what is 229 - -23d?
468
In base 3, what is -120 + -110220?
-111110
In base 10, what is -831 - 2?
-833
In base 5, what is 21 + -134113324?
-134113303
In base 14, what is -442 + 13a?
-306
In base 12, what is -21b761 - -3?
-21b75a
In base 8, what is 713150 - -3?
713153
In base 12, what is 1 + -12707?
-12706
In base 3, what is 101120 + -21110?
10010
In base 16, what is -814d - -2?
-814b
In base 7, what is 1051 + 1643?
3024
In base 6, what is 2301 + -2221?
40
In base 12, what is -8 + -a97b?
-a987
In base 7, what is 565 + -1506?
-611
In base 15, what is -136c - -174?
-11e8
In base 8, what is -1 - 44657?
-44660
In base 4, what is -2210 - 311003?
-313213
In base 9, what is 663 + -30?
633
In base 13, what is 4 - -6c00?
6c04
In base 6, what is -3235 - 201?
-3440
In base 15, what is 55da + -18?
55c2
In base 12, what is -1873 - -19?
-1856
In base 13, what is -45 + -145?
-18a
In base 10, what is -1 - -177256?
177255
In base 16, what is 2f + -c9d?
-c6e
In base 10, what is 3 - -9959?
9962
In base 8, what is 1714010 - 1?
1714007
In base 7, what is 11 - 10634?
-10623
In base 12, what is 139a0 - 1?
1399b
In base 10, what is -254644 + 1?
-254643
In base 16, what is -46576 + -7?
-4657d
In base 6, what is 140155 + 122?
140321
In base 16, what is -4c1 + -1c?
-4dd
In base 4, what is 11230202101 + 0?
11230202101
In base 15, what is -e06 + -2?
-e08
In base 9, what is -1761 + 8?
-1752
In base 10, what is 2 - -398700?
398702
In base 2, what is -101010110010011 + -1111?
-101010110100010
In base 14, what is -25 - -5c8?
5a3
In base 5, what is -21303 + -40?
-21343
In base 3, what is 11 - 20020100010?
-20020022222
In base 14, what is 359 - -46d?
7c8
In base 7, what is 3 - 6050453?
-6050450
In base 13, what is 34c + -3c?
310
In base 16, what is -791 + -5?
-796
In base 9, what is 2810 - -31?
2841
In base 12, what is 4849 - 13?
4836
In base 5, what is 202 + -102?
100
In base 9, what is -183 + 0?
-183
In base 7, what is 24246 - -3403?
30652
In base 4, what is -330212202 - -10?
-330212132
In base 16, what is -13 - 25e2?
-25f5
In base 8, what is 63756 - -376?
64354
In base 14, what is 1 + -2576?
-2575
In base 6, what is 3141330 - -20?
3141350
In base 11, what is 9 + -5528?
-551a
In base 8, what is -202205 + 1?
-202204
In base 14, what is 74d557 + -2?
74d555
In base 4, what is 30 - 133123?
-133033
In base 11, what is 2a3 - 33a3?
-3100
In base 15, what is 5 - -2c83c?
2c842
In base 7, what is -1 + -6031114?
-6031115
In base 12, what is -9840 + -7?
-9847
In base 8, what is -115123 + -21?
-115144
In base 5, what is -340001 - -111?
-334340
In base 2, what is -110000101 - -1001100?
-100111001
In base 5, what is -300 - 12312?
-13112
In base 14, what is -2 + -77382?
-77384
In base 5, what is -4 + 301034?
301030
In base 6, what is 30155511 - 11?
30155500
In base 5, what is -230 + 213?
-12
In base 13, what is -2 + -113abc?
-113ac1
In base 10, what is 12 + -63752?
-63740
In base 6, what is -5 - -501232?
501223
In base 9, what is 224487 + 11?
224508
In base 5, what is -230124 + 410?
-224214
In base 2, what is -1 + 110011011011011?
110011011011010
In base 13, what is -c - 17156?
-17165
In base 12, what is -ba5 - 1046?
-202b
In base 4, what is 0 - 112113310?
-112113310
In base 5, what is 14010134 + -3?
14010131
In base 2, what is 10101110001 + -101110?
10101000011
In base 12, what is 8 - -7551?
7559
In base 14, what is -13 - 2375?
-2388
In base 7, what is 420 - -221?
641
In base 5, what is -1 + -13333423?
-13333424
In base 4, what is 110 + -100131?
-100021
In base 9, what is 574 - 145?
428
In base 2, what is 1101 + -10111110111101010?
-10111110111011101
In base 5, what is 2303031 + 4?
2303040
In base 12, what is -2 + -a476?
-a478
In base 5, what is 10 + -2000200?
-2000140
In base 13, what is 1 + -1043a?
-10439
In base 11, what is 1234 - -868?
1aa1
In base 4, what is -2201210 - -13?
-2201131
In base 16, what is 2a9 + -41?
268
In base 12, what is -6b08 + -2?
-6b0a
In base 3, what is -121200222121 - 2?
-121200222200
In base 14, what is 1478 + -2b?
144b
In base 9, what is 278 - 30?
248
In base 13, what is -1 - c4a2?
-c4a3
In base 12, what is 3a - -673?
6b1
In base 12, what is -a52 + -645?
-1497
In base 10, what is -1345 + -24?
-1369
In base 13, what is -a073aa + -5?
-a073b2
In base 12, what is 2 + -38952?
-38950
In base 3, what is -10002010 + -101?
-10002111
In base 10, what is 2563 + -161?
2402
In base 6, what is 20453 - 105?
20344
In base 13, what is -1112 - 29a?
-13ac
In base 9, what is 2 - 340746?
-340744
In base 14, what is -101365 + -4?
-101369
In base 5, what is 4122 + -333?
3234
In base 3, what is 20010 + 2220020?
10010100
In base 13, what is 4 + -1c396?
-1c392
In base 10, what is 5400 - -2?
5402
In base 5, what is 213 - -1341?
2104
In base 14, what is 4 + 126152?
126156
In base 8, what is 1 + 25075?
25076
In base 10, what is 88324 - 3?
88321
In base 3, what is 2 - 12100101?
-12100022
In base 11, what is -5 + -709950?
-709955
In base 15, what is 2 + -1345?
-1343
In base 16, what is 19 + -99?
-80
In base 11, what is -4 - 17a706?
-17a70a
In base 